tor of 68 and 3077.
17
What is the highest common divisor of 3860 and 30?
10
Calculate the greatest common divisor of 8082 and 1206.
18
What is the greatest common divisor of 1056 and 5075488?
352
What is the highest common factor of 100 and 148450?
50
What is the highest common divisor of 770 and 92950?
110
What is the greatest common factor of 682 and 6505598?
682
What is the highest common divisor of 26 and 94705?
13
Calculate the highest common divisor of 50852 and 40.
4
Calculate the greatest common factor of 3444 and 11316.
492
What is the highest common factor of 8090 and 40?
10
What is the highest common factor of 209394 and 42?
6
What is the greatest common factor of 72 and 229760?
8
Calculate the highest common divisor of 388126 and 94.
94
Calculate the greatest common factor of 63804 and 36.
12
Calculate the highest common divisor of 81 and 6129.
27
What is the greatest common divisor of 9911 and 110770?
583
What is the highest common divisor of 1990 and 58?
2
What is the greatest common factor of 16900 and 9450?
50
What is the highest common factor of 21244 and 395500?
452
What is the greatest common factor of 120 and 83136?
24
Calculate the greatest common divisor of 21 and 208215.
21
What is the greatest common factor of 1233 and 4247?
137
Calculate the greatest common divisor of 2910 and 388.
194
Calculate the greatest common divisor of 436890 and 810.
30
Calculate the highest common factor of 429057 and 81.
81
What is the highest common divisor of 12 and 681924?
12
What is the greatest common factor of 34088 and 256?
8
What is the highest common divisor of 178990 and 70?
70
What is the greatest common factor of 3661 and 11627?
7
Calculate the greatest common divisor of 11613 and 3381.
147
Calculate the highest common factor of 57 and 21510.
3
What is the greatest common divisor of 7024 and 32?
16
Calculate the greatest common divisor of 96030 and 30070.
970
Calculate the highest common factor of 18700 and 33.
11
Calculate the greatest common divisor of 10878 and 12789.
147
What is the highest common factor of 148 and 2706217?
37
What is the highest common divisor of 21 and 1062327?
21
What is the greatest common divisor of 569 and 1552801?
569
Calculate the greatest common factor of 255495 and 30.
15
Calculate the greatest common factor of 184379 and 13.
13
What is the greatest common divisor of 460 and 4959605?
115
What is the greatest common factor of 790 and 285190?
790
What is the greatest common divisor of 5 and 132340?
5
What is the greatest common divisor of 715 and 7271?
11
What is the greatest common divisor of 427 and 595?
7
Calculate the highest common factor of 104112 and 241.
241
What is the greatest common factor of 3680 and 4152880?
1840
Calculate the greatest common factor of 831 and 12188.
277
What is the highest common divisor of 1566890 and 50?
10
What is the greatest common factor of 135894 and 902?
22
What is the highest common factor of 580 and 54172?
116
What is the greatest common divisor of 333760 and 54880?
1120
Calculate the greatest common divisor of 189 and 74223.
27
Calculate the greatest common factor of 19019 and 3003.
1001
Calculate the greatest common divisor of 4134 and 14310.
318
What is the greatest common divisor of 1428 and 12801?
51
What is the highest common factor of 765 and 441?
9
What is the greatest common factor of 22515 and 5700?
285
What is the greatest common factor of 2607 and 891?
33
What is the highest common divisor of 16283 and 73702?
857
What is the greatest common divisor of 158346 and 342?
342
Calculate the highest common factor of 10747 and 539.
11
What is the greatest common divisor of 69296 and 305?
61
Calculate the greatest common divisor of 60 and 169740.
60
Calculate the greatest common factor of 452418 and 30.
6
What is the highest common divisor of 1760 and 7560?
40
Calculate the greatest common factor of 7866 and 6300.
18
Calculate the highest common divisor of 1078 and 9548.
154
What is the highest common factor of 61 and 2029348?
61
Calculate the greatest common factor of 152 and 807652.
76
Calculate the highest common factor of 1067800 and 50.
50
Calculate the highest common factor of 582976 and 128.
64
Calculate the greatest common factor of 10650 and 22950.
150
Calculate the highest common factor of 8589 and 174234.
1227
What is the greatest common factor of 8304 and 10560?
48
Calculate the greatest common factor of 1984 and 2272.
32
Calculate the greatest common divisor of 329 and 3760.
47
What is the highest common factor of 173 and 9?
1
What is the greatest common factor of 4517121 and 714?
357
What is the greatest common factor of 630449 and 1803?
601
Calculate the greatest common divisor of 122 and 2580727.
61
Calculate the highest common divisor of 46055 and 23405.
755
What is the highest common factor of 2276 and 5279182?
1138
Calculate the greatest common divisor of 411574 and 73.
73
What is the highest common divisor of 81 and 43155?
9
Calculate the highest common divisor of 97964 and 608.
76
Calculate the highest common divisor of 332 and 166.
166
Calculate the greatest common factor of 55 and 11055.
55
Calculate the highest common divisor of 114480 and 1470.
30
What is the highest common factor of 6 and 3355986?
6
Calculate the greatest common divisor of 343881 and 171.
171
Calculate the greatest common factor of 1748597 and 3466.
1733
What is the highest common divisor of 29 and 145087?
29
What is the greatest common divisor of 8382896 and 496?
496
Calculate the greatest common factor of 1024 and 15744.
128
Calculate the greatest common divisor of 372 and 4176.
12
Calculate the highest common divisor of 29508 and 36.
12
Calculate the highest common divisor of 814 and 3700.
74
What is the greatest common divisor of 37088 and 512?
32
What is the greatest common factor of 460938 and 408?
102
What is the highest common divisor of 182 and 2158?
26
Calculate the greatest common factor of 321 and 3291213.
321
Calculate the highest common divisor of 215010 and 270.
90
Calculate the greatest common divisor of 11525 and 35.
5
Calculate the highest common factor of 124 and 163432.
124
What is the greatest common factor of 290 and 105705?
145
What is the highest common divisor of 4165 and 7310?
85
What is the highest common factor of 329725 and 242?
121
Calculate the highest common factor of 754 and 70889.
13
Calculate the highest common factor of 135 and 8445.
15
Calculate the greatest common divisor of 72500 and 60.
20
Calculate the greatest common factor of 43736 and 364.
28
Calculate the greatest common factor of 210598 and 116.
58
What is the highest common divisor of 4747 and 2397?
47
Calculate the highest common divisor of 425124 and 350.
14
Calculate the greatest common factor of 628 and 24021.
157
Calculate the highest common divisor of 528 and 70818.
66
What is the greatest common factor of 775 and 6293?
31
Calculate the highest common factor of 1480 and 8596580.
740
What is the greatest common factor of 21624 and 42?
6
What is the greatest common factor of 228 and 2791480?
76
Calculate the greatest common factor of 15 and 11195.
5
Calculate the highest common divisor of 13 and 34.
1
What is the highest common divisor of 2340 and 444?
12
Calculate the greatest common factor of 10390632 and 9144.
3048
What is the highest common divisor of 70428 and 102?
6
What is the highest common factor of 54250 and 130?
10
What is the greatest common factor of 27636 and 132?
12
What is the greatest common divisor of 166082 and 14?
14
Calculate the highest common factor of 167150 and 100.
50
What is the greatest common factor of 326843 and 11?
11
What is the highest common divisor of 652 and 11504?
4
Calculate the greatest common factor of 55857 and 1161.
129
Calculate the highest common divisor of 1296 and 378.
54
What is the greatest common factor of 1344 and 7476?
84
What is the highest common factor of 5301 and 3?
3
Calculate the highest common factor of 143 and 821931.
11
Calculate the highest common divisor of 1767 and 264461.
589
What is the highest common divisor of 1309 and 14707?
77
Calculate the highest common factor of 2332839 and 57.
57
Calculate the greatest common factor of 439 and 538214.
439
What is the highest common divisor of 190853 and 16